46671?
3, 238519
List the prime factors of 2304823.
2304823
List the prime factors of 161038.
2, 73, 1103
List the prime factors of 17990982.
2, 3, 999499
What are the prime factors of 2693107?
2693107
What are the prime factors of 17540405?
5, 37, 59, 1607
List the prime factors of 2397037.
23, 89, 1171
What are the prime factors of 7125477?
3, 2375159
What are the prime factors of 773752?
2, 7, 41, 337
What are the prime factors of 2428364?
2, 607091
What are the prime factors of 595356?
2, 3, 49613
What are the prime factors of 1158524?
2, 59, 4909
What are the prime factors of 1392505?
5, 278501
List the prime factors of 148718.
2, 23, 53, 61
List the prime factors of 2729644.
2, 682411
List the prime factors of 18477051.
3, 271, 22727
What are the prime factors of 42785?
5, 43, 199
List the prime factors of 259772.
2, 101, 643
List the prime factors of 20239837.
3821, 5297
What are the prime factors of 16853733?
3, 13, 23, 6263
List the prime factors of 2589350.
2, 5, 51787
List the prime factors of 1049088.
2, 3, 683
List the prime factors of 2546378.
2, 131, 9719
List the prime factors of 7525893.
3, 127, 19753
What are the prime factors of 19280267?
263, 73309
What are the prime factors of 506301?
3, 71, 2377
What are the prime factors of 140927?
53, 2659
What are the prime factors of 2086046?
2, 1043023
List the prime factors of 248965.
5, 17, 29, 101
List the prime factors of 1427073.
3, 475691
List the prime factors of 25383642.
2, 3, 29, 113, 1291
What are the prime factors of 15484308?
2, 3, 7, 184337
What are the prime factors of 847141?
617, 1373
List the prime factors of 9145014.
2, 3, 17, 89657
What are the prime factors of 17396438?
2, 19, 37, 12373
List the prime factors of 12749931.
3, 19, 74561
List the prime factors of 503485.
5, 101, 997
What are the prime factors of 352683?
3, 149, 263
What are the prime factors of 1633132?
2, 408283
What are the prime factors of 20535569?
47, 601, 727
What are the prime factors of 160975?
5, 47, 137
List the prime factors of 308657.
257, 1201
List the prime factors of 9322949.
29, 41, 7841
What are the prime factors of 2873948?
2, 7, 11, 31, 43
List the prime factors of 297795.
3, 5, 19853
List the prime factors of 2393628.
2, 3, 173, 1153
List the prime factors of 8804331.
3, 23, 42533
List the prime factors of 10478149.
11, 952559
What are the prime factors of 212683?
212683
List the prime factors of 836311.
7, 37, 3229
What are the prime factors of 540149?
540149
List the prime factors of 38441.
13, 2957
List the prime factors of 57887.
107, 541
What are the prime factors of 457253?
457253
What are the prime factors of 240552?
2, 3, 13, 257
What are the prime factors of 8088217?
8088217
List the prime factors of 2090471.
577, 3623
What are the prime factors of 212125?
5, 1697
What are the prime factors of 152537?
7, 11, 283
List the prime factors of 31312.
2, 19, 103
What are the prime factors of 140864?
2, 31, 71
What are the prime factors of 26169731?
7, 67, 55799
What are the prime factors of 25401783?
3, 11, 769751
List the prime factors of 1352299.
13, 17, 29, 211
What are the prime factors of 18058903?
18058903
What are the prime factors of 6283648?
2, 7, 7013
What are the prime factors of 472596?
2, 3, 39383
What are the prime factors of 1662209?
17, 97777
List the prime factors of 2796180.
2, 3, 5, 29, 1607
List the prime factors of 2408760.
2, 3, 5, 6691
List the prime factors of 313418.
2, 7, 61, 367
List the prime factors of 11707830.
2, 3, 5, 130087
List the prime factors of 3635138.
2, 13, 139813
What are the prime factors of 2665819?
13, 205063
What are the prime factors of 167313?
3, 43, 1297
What are the prime factors of 3764333?
41, 91813
What are the prime factors of 1095343?
1095343
List the prime factors of 9006155.
5, 811, 2221
List the prime factors of 3762542.
2, 7, 17, 15809
List the prime factors of 2709482.
2, 1354741
List the prime factors of 4439366.
2, 2219683
What are the prime factors of 4925004?
2, 3, 7, 58631
What are the prime factors of 65876?
2, 43, 383
What are the prime factors of 2485352?
2, 19, 83, 197
What are the prime factors of 1385995?
5, 13, 21323
What are the prime factors of 155333?
155333
List the prime factors of 23200090.
2, 5, 31, 67, 1117
What are the prime factors of 1462242?
2, 3, 243707
What are the prime factors of 5090312?
2, 29, 37, 593
List the prime factors of 5905391.
5905391
List the prime factors of 15485413.
41, 233, 1621
List the prime factors of 210212.
2, 52553
What are the prime factors of 4217842?
2, 1301, 1621
What are the prime factors of 3948972?
2, 3, 329081
List the prime factors of 295805.
5, 67, 883
What are the prime factors of 10496745?
3, 5, 7, 47, 709
List the prime factors of 13884226.
2, 23, 301831
List the prime factors of 73631.
29, 2539
List the prime factors of 273392.
2, 7, 2441
What are the prime factors of 5495001?
3, 1831667
List the prime factors of 2446158.
2, 3, 11, 13, 2851
What are the prime factors of 55162?
2, 27581
List the prime factors of 949025.
5, 7, 11, 17, 29
List the prime factors of 5964296.
2, 13, 57349
What are the prime factors of 206672?
2, 12917
What are the prime factors of 106300?
2, 5, 1063
What are the prime factors of 8470857?
3, 47, 60077
List the prime factors of 584364.
2, 3, 11, 19, 233
What are the prime factors of 9459965?
5, 181, 10453
List the prime factors of 2863479.
3, 971, 983
What are the prime factors of 198091?
198091
What are the prime factors of 118381?
23, 5147
What are the prime factors of 2840384?
2, 44381
List the prime factors of 268589.
337, 797
List the prime factors of 846762.
2, 3, 7, 20161
List the prime factors of 3734769.
3, 1244923
List the prime factors of 267883.
7, 11, 71
What are the prime factors of 11464837?
11464837
List the prime factors of 17047655.
5, 19, 139, 1291
What are the prime factors of 101252?
2, 17, 1489
What are the prime factors of 10513?
10513
What are the prime factors of 9700604?
2, 523, 4637
What are the prime factors of 275931?
3, 23, 31, 43
What are the prime factors of 503620?
2, 5, 13, 149
List the prime factors of 179356.
2, 44839
What are the prime factors of 2951708?
2, 737927
What are the prime factors of 421883?
7, 11, 5479
What are the prime factors of 1211326?
2, 19, 127, 251
List the prime factors of 2864163.
3, 337, 2833
What are the prime factors of 2087051?
2087051
What are the prime factors of 168928?
2, 5279
List the prime factors of 9969587.
1321, 7547
List the prime factors of 9002298.
2, 3, 1009, 1487
List the prime factors of 912003.
3, 109, 2789
List the prime factors of 20150556.
2, 3, 1679213
What are the prime factors of 53592?
2, 3, 7, 11, 29
List the prime factors of 309166.
2, 11, 13, 23, 47
What are the prime factors of 11722093?
11722093
List the prime factors of 40565.
5, 7, 19, 61
What are the prime factors of 3772245?
3, 5, 251483
What are the prime factors of 1593122?
2, 796561
What are the prime factors of 204815?
5, 13, 23, 137
List the prime factors of 296775.
3, 5, 1319
List the prime factors of 132276.
2, 3, 73, 151
List the prime factors of 92363.
92363
What are the prime factors of 5536755?
3, 5, 7, 31
What are the prime factors of 4589854?
2, 281, 8167
List the prime factors of 868759.
499, 1741
List the prime factors of 165120.
2, 3, 5, 43
List the prime factors of 7465487.
7465487
What are the prime factors of 9092222?
2, 19, 23, 101, 103
What are the prime factors of 6249024?
2, 3, 19, 571
List the prime factors of 749720.
2, 5, 18743
List the prime factors of 450568.
2, 17, 3313
What are the prime factors of 1309250?
2, 5, 5237
List the prime factors of 576417.
3, 271, 709
What are the prime factors of 27295796?
2, 11, 620359
List the prime factors of 48142.
2, 24071
What are the prime factors of 295191?
3, 13, 29
List the prime factors of 11806127.
113, 104479
What are the prime factors of 6260058?
2, 3, 7, 16561
What are the prime factors of 1602232?
2, 19, 83, 127
List the prime factors of 5412116.
2, 1353029
What are the prime factors of 2588836?
2, 647209
What are the prime factors of 45389?
45389
List the prime factors of 1611278.
2, 805639
What are the prime factors of 2636538?
2, 3, 53, 8291
List the prime factors of 20378209.
61, 334069
What are the prim